en thousands digit of 686051174?
5
What is the hundred millions digit of 276406436?
2
What is the hundred millions digit of 3412487142?
4
What is the millions digit of 5929333336?
9
What is the thousands digit of 191764583?
4
What is the hundreds digit of 92213237?
2
What is the ten millions digit of 538357002?
3
What is the millions digit of 72078531?
2
What is the hundred thousands digit of 131345602?
3
What is the thousands digit of 2320821332?
1
What is the thousands digit of 2493015847?
5
What is the ten thousands digit of 47990678?
9
What is the ten thousands digit of 764008161?
0
What is the ten millions digit of 169832696?
6
What is the millions digit of 46253842?
6
What is the ten thousands digit of 43568393?
6
What is the ten thousands digit of 111827184?
2
What is the millions digit of 1952056518?
2
What is the ten millions digit of 6800142516?
0
What is the ten millions digit of 164322891?
6
What is the ten thousands digit of 122250459?
5
What is the ten millions digit of 586800168?
8
What is the thousands digit of 5705243549?
3
What is the tens digit of 256164848?
4
What is the tens digit of 250956587?
8
What is the millions digit of 50006622?
0
What is the ten millions digit of 2905520932?
0
What is the ten millions digit of 7376984158?
7
What is the hundreds digit of 2021301901?
9
What is the hundred thousands digit of 1261878570?
8
What is the hundred thousands digit of 1715016594?
0
What is the hundred thousands digit of 77411306?
4
What is the thousands digit of 33716474?
6
What is the ten millions digit of 181564587?
8
What is the hundred thousands digit of 24753421?
7
What is the ten millions digit of 251853133?
5
What is the hundreds digit of 23643757?
7
What is the thousands digit of 652823661?
3
What is the thousands digit of 2847649162?
9
What is the hundred millions digit of 4918975529?
9
What is the hundred thousands digit of 72067773?
0
What is the ten thousands digit of 2469078749?
7
What is the hundred thousands digit of 983790460?
7
What is the millions digit of 4486700408?
6
What is the tens digit of 355110632?
3
What is the ten millions digit of 189630559?
8
What is the units digit of 2600597289?
9
What is the billions digit of 6430709484?
6
What is the tens digit of 1702909604?
0
What is the thousands digit of 1126222597?
2
What is the ten millions digit of 1461895848?
6
What is the ten millions digit of 318126660?
1
What is the units digit of 20057402?
2
What is the hundred thousands digit of 169549257?
5
What is the hundred thousands digit of 1376836158?
8
What is the ten millions digit of 1358232319?
5
What is the ten millions digit of 36871406?
3
What is the thousands digit of 175865668?
5
What is the hundred thousands digit of 972404149?
4
What is the ten thousands digit of 87645268?
4
What is the ten thousands digit of 5812185862?
8
What is the millions digit of 1149332640?
9
What is the thousands digit of 820892678?
2
What is the hundred millions digit of 3862632279?
8
What is the thousands digit of 180295541?
5
What is the ten millions digit of 171261051?
7
What is the units digit of 55716538?
8
What is the tens digit of 206341975?
7
What is the hundred thousands digit of 2002552?
0
What is the millions digit of 5382085918?
2
What is the hundred thousands digit of 40692397?
6
What is the units digit of 2887520263?
3
What is the millions digit of 6688837225?
8
What is the thousands digit of 1241984968?
4
What is the millions digit of 90829364?
0
What is the units digit of 1665006999?
9
What is the hundreds digit of 24364945?
9
What is the ten millions digit of 120326328?
2
What is the ten thousands digit of 17276714?
7
What is the hundred thousands digit of 443946485?
9
What is the units digit of 109064902?
2
What is the hundred millions digit of 607488145?
6
What is the hundred thousands digit of 171318865?
3
What is the hundred millions digit of 1051257828?
0
What is the hundreds digit of 101605742?
7
What is the hundred millions digit of 3562783773?
5
What is the thousands digit of 38852794?
2
What is the ten millions digit of 80938007?
8
What is the units digit of 983484788?
8
What is the units digit of 2076097561?
1
What is the hundreds digit of 58060298?
2
What is the hundred thousands digit of 602355153?
3
What is the thousands digit of 1531249823?
9
What is the ten thousands digit of 179301574?
0
What is the thousands digit of 75726669?
6
What is the tens digit of 547362042?
4
What is the hundred thousands digit of 2361745194?
7
What is the tens digit of 526824747?
4
What is the ten thousands digit of 2232570673?
7
What is the ten thousands digit of 8030046?
3
What is the hundred millions digit of 197998104?
1
What is the ten thousands digit of 141552136?
5
What is the units digit of 3774274499?
9
What is the thousands digit of 12601794?
1
What is the hundreds digit of 3029411928?
9
What is the units digit of 183184192?
2
What is the hundreds digit of 900089110?
1
What is the ten millions digit of 76434317?
7
What is the hundred millions digit of 832317005?
8
What is the thousands digit of 593176058?
6
What is the thousands digit of 11573844?
3
What is the ten millions digit of 37711319?
3
What is the units digit of 457107396?
6
What is the hundred thousands digit of 938726157?
7
What is the billions digit of 3455299874?
3
What is the ten millions digit of 211149341?
1
What is the hundred thousands digit of 1308496154?
4
What is the tens digit of 61449408?
0
What is the hundreds digit of 3177608446?
4
What is the units digit of 21639612?
2
What is the hundreds digit of 107985127?
1
What is the millions digit of 247512179?
7
What is the ten millions digit of 212129330?
1
What is the hundred millions digit of 1023002794?
0
What is the hundred thousands digit of 1442299115?
2
What is the thousands digit of 28012443?
2
What is the units digit of 1399147068?
8
What is the tens digit of 2037037964?
6
What is the millions digit of 481720808?
1
What is the ten millions digit of 94616105?
9
What is the millions digit of 50803706?
0
What is the ten thousands digit of 936100133?
0
What is the hundred millions digit of 328009115?
3
What is the tens digit of 164884745?
4
What is the ten millions digit of 2571668296?
7
What is the millions digit of 361371845?
1
What is the ten millions digit of 162859683?
6
What is the hundreds digit of 2881998279?
2
What is the thousands digit of 473307409?
7
What is the hundreds digit of 60173515?
5
What is the hundreds digit of 11788361?
3
What is the ten millions digit of 187938868?
8
What is the hundred thousands digit of 68133601?
1
What is the ten thousands digit of 1580815009?
1
What is the hundreds digit of 164709240?
2
What is the hundred thousands digit of 194502441?
5
What is the thousands digit of 3864655?
4
What is the units digit of 46130716?
6
What is the units digit of 41797724?
4
What is the hundreds digit of 387452907?
9
What is the hundreds digit of 22056229?
2
What is the hundreds digit of 203123062?
0
What is the millions digit of 23836986?
3
What is the hundred millions digit of 300458285?
3
What is the thousands digit of 495538892?
8
What is the hundred millions digit of 293483257?
2
What is the tens digit of 20461659?
5
What is the millions digit of 1781803629?
1
What is the tens digit of 40594077?
7
What is the ten thousands digit of 159833151?
3
What is the thousands digit of 221484590?
4
What is the thousands digit of 67564235?
4
What is the hundred thousands digit of 193568445?
5
What is the hundreds digit of 1273570673?
6
What is the tens digit of 8370615122?
2
What is the ten millions digit of 982230674?
8
What is the ten millions digit of 82584554?
8
What is the thousands digit of 98226632?
6
What is the hundred thousands digit of 1461328596?
3
What is the hundreds digit of 1758166643?
6
What is the hundreds digit of 194184936?
9
What is the units digit of 1213200046?
6
What is the ten thousands digit of 304333797?
3
What is the millions digit of 628543779?
8
What is the hundreds digit of 6242952909?
9
What is the millions digit of 2015467337?
5
What is the millions digit of 36791644?
6
What is the hundreds digit of 1218638923?
9
What is the hundreds digit of 1670392840?
8
What is the hundred thousands digit of 2074062035?
0
What is the hun